t z(k) = k**3 - 19*k**2 - 12*k - 37. Let s be z(f). Let a = s - -396. What is the units digit of a?
1
Let j = -169 + 158. Let l(h) = h**2 + h - 36. What is the tens digit of l(j)?
7
Suppose -22 = -4*a + 4*s - 2, -a + 13 = -5*s. Suppose -v + 1 = -3*i + a, -5*i - v = -14. Suppose -i*h - 7*h = -738. What is the tens digit of h?
8
What is the tens digit of (3357*2/8)/((-33)/(-176))?
7
Suppose 3*t - 4163 = 5*k - 512, t - 3*k - 1225 = 0. What is the hundreds digit of t?
2
Suppose 255 = 16*m + 35*m. Let y = -62 - -116. Suppose -4*n + m*n - y = 0. What is the units digit of n?
4
Suppose -2*v + 2*u = -112, -v = 3*u - 34 - 22. Suppose 5*p - 10 = -0*p. Suppose -3*w + 4*g + v = -51, -g + 64 = p*w. What is the units digit of w?
3
Let g(t) = 207*t**2 + 49*t - 122. What is the tens digit of g(-11)?
8
Let l(p) = -25 - 38 + 9 + 20*p. What is the hundreds digit of l(33)?
6
Suppose w = h - 31, -3*w = 3*h + 2*w - 61. Let q = 536 - h. What is the units digit of q?
9
Let r(t) = -63*t - 8. Let a be -2 - (2 - -4 - 4). What is the hundreds digit of r(a)?
2
Suppose 8*q - 54 = -62. What is the tens digit of -2*(-117)/(-6)*q?
3
Let l be 7/2 + 96/64. Suppose 221 = l*n - a - 854, -831 = -4*n - 5*a. What is the units digit of n?
4
Let c = 15710 + 815. What is the units digit of c?
5
Let b = -103242 - -148404. What is the tens digit of b?
6
Suppose -4*w + 16575 = -3*u - 25101, 0 = -3*w + u + 31262. What is the ten thousands digit of w?
1
Let j = -588 - -596. Suppose 0 = -u + 2*w + 308, j*u + 1253 = 12*u - w. What is the tens digit of u?
1
Let z(w) = w**3 + 14*w**2 + 10*w - 4. Suppose 2*s - 5*s - 33 = 0. Let h be z(s). Suppose -64 = 5*q - h. What is the tens digit of q?
3
Let u(q) = 446*q**2 - 62*q - 60. What is the units digit of u(6)?
4
Suppose -6*a = -2*a - 12. Suppose -a*z - 8 = z. What is the tens digit of z/(-5) - 443/(-5)?
8
Suppose 0 = 90*y + 349*y - 9173344. What is the hundreds digit of y?
8
Let r(x) = -5*x - 3. Let f(z) = -z**3 - 14*z**2 - z - 6. Let d be f(-14). Suppose -40 = d*n + 48. What is the tens digit of r(n)?
5
What is the thousands digit of ((-3448)/36)/((-14)/252)?
1
Let h(g) = 30*g + 81. Let f(w) = -w**3 + 5*w**2 - 5*w + 4. Let b be f(3). What is the units digit of h(b)?
1
Suppose b - 4*f + 34 = 0, -2*b = -3*f + f + 98. Let h = 51 - b. What is the units digit of h?
5
Let h(c) = 3 + c**2 + 3 + c - 7 - 4. What is the units digit of h(2)?
1
Let w(v) = -336*v - 725. What is the tens digit of w(-6)?
9
Let c(f) = 18*f**2 - 233 - 5*f**2 + 2*f + 238 + 0*f. Suppose 5*g - 3*b + 4 = -4, 5*g + 2*b = -28. What is the tens digit of c(g)?
0
Let p = -647 + 1349. Suppose p + 188 = 10*t. Suppose -3*x - t = -602. What is the units digit of x?
1
Suppose -f + c = -1924, -4*c - 1942 = -f - 9*c. Suppose 260 = 3*s - f. What is the tens digit of s?
2
Suppose -62*o + 352783 = -5*o - 2005250. What is the ten thousands digit of o?
4
Let n(x) = -5 + 7*x + 1 - x**2 + 2 + 2*x. Let o be n(4). Suppose -r + 5*q = -o - 53, -2*r + 2*q + 158 = 0. What is the tens digit of r?
8
Let q(n) = 6*n + 217 - 120 - 229*n - 122. What is the units digit of q(-1)?
8
Let n(s) = -s**3 + 55*s**2 - 47*s + 28. What is the tens digit of n(46)?
1
Let o(q) = 89*q + 4 - 58*q - 86*q - 56*q + 0. What is the units digit of o(-4)?
8
Let y = 2661 - 1505. What is the thousands digit of (-8)/(6 + (-6944)/y)?
1
Let l = 12368 + -5221. What is the hundreds digit of l?
1
Let n be (5144/(-12))/(20/12 + -1). Let s = -208 - n. Suppose l - 2*h = h + 83, -5*h = -5*l + s. What is the tens digit of l?
8
Let i(v) = -v**3 - 13*v**2 - 23*v - 12. Let j be i(-11). Let q be -1*(j - -3) - 2. What is the hundreds digit of 1 - ((q - -3) + -154)?
1
Let p(a) be the second derivative of -a**4/6 - 25*a**3/6 - 7*a**2 - 5*a. Let v be p(-12). What is the tens digit of 2/(-4) + -1 + (-205)/v?
0
Let w(u) = -21*u + 20. Let p = 45 - 47. Let r be w(p). Suppose -r*x = -59*x - 366. What is the units digit of x?
2
Suppose 310 = 2*h - h + 9*b, -b = h - 262. Suppose -38 + 414 = q. Let t = q - h. What is the units digit of t?
0
Suppose 8*x + 18 = 5*x. Let g be 28/8 + 3/x. Let n = g + 52. What is the tens digit of n?
5
Suppose -159*r = -161*r - 7364. What is the hundreds digit of 42/56 + r/(-8)?
4
Let p(k) be the second derivative of -2*k**5/3 - k**4/8 + 2*k**3/3 - 33*k. Let q(f) be the second derivative of p(f). What is the tens digit of q(-1)?
7
What is the tens digit of (-1*3 - (-31)/(-3))*(-154014)/95?
1
Suppose 26807 = 2*b - 3*t, 0 = 25*b - 20*b - 3*t - 67040. What is the tens digit of b?
1
Let t(b) = 83*b**2 + 24*b - 445. What is the tens digit of t(29)?
5
What is the hundreds digit of -5 - -309*(-6)/8*(4 + -32)?
4
Let u(v) = -v**2 - 36*v. Let g be u(-36). What is the tens digit of g + -7 + 13 - -285?
9
Suppose -59*f + 1364 = -28*f. What is the tens digit of (-1 - (-21212)/f) + 3/(-33)?
8
Let w(d) = -26 + 0*d - d**2 + 5 - 15*d + d. Let y be w(-12). Suppose -2*l - 2*b = l - 448, -2*l + 302 = y*b. What is the tens digit of l?
4
Let g = -34 + 64. Let j(w) = -11*w - 72. Let o be j(-8). Let t = g + o. What is the tens digit of t?
4
Let j = -54413 + 112416. What is the thousands digit of j?
8
Let z = 66 - 107. Let y(c) = -2*c - 2. Let g be y(7). Let f = g - z. What is the units digit of f?
5
Let c = 17730 + -1496. What is the units digit of c?
4
Let k be 30/(-315) + (-5674)/(-42). Suppose k = -2*p + 895. What is the hundreds digit of p?
3
Let l be 14/(-2) + (-36)/(-6). What is the hundreds digit of l/(-3 + (-2500)/(-835))?
1
Let h be 3/((-75)/(-10))*4650. Suppose 0 = 7*a - 5675 + h. What is the units digit of a?
5
Let l(r) = 12*r**2 + 19*r + 17. Let i be l(-5). What is the tens digit of (-10)/(i/56 - 4)?
8
Let c(n) = -941*n**3 + 2*n**2 + 67*n + 232. What is the thousands digit of c(-3)?
5
Suppose -102*m = -77*m - 104775. Suppose 3*d - 1331 = 4*c + 2832, m = 3*d + 3*c. What is the hundreds digit of d?
3
Let y(n) be the first derivative of -n**4/4 - 6*n**3 + 13*n**2 + 39*n - 90. What is the units digit of y(-20)?
9
Let s(f) = 5*f**2 - 26*f - 738. What is the units digit of s(-20)?
2
Let f = 106 + -102. Let z(c) = c + 2. Let a be z(-2). Suppose a*i + f*i - 332 = 0. What is the units digit of i?
3
Let k = 47 - 89. Let h = k + 59. Let r = h + -11. What is the units digit of r?
6
What is the hundreds digit of 1354 + 41 + (-12)/2?
3
Let i(x) = 598*x**2 + 44*x + 146. What is the units digit of i(-4)?
8
Let g be (982/8)/((-2)/(-16)). Suppose -4*h + 1973 = -2*k + 3*k, 2*h - 4*k = g. What is the hundreds digit of h?
4
Let s(b) = b**2 - 21*b - 75. Let c be s(24). What is the units digit of (-4278)/(-36)*-2*c?
3
Let y(c) = -2*c**3 + c**2 + 80*c + 12855. What is the units digit of y(0)?
5
Suppose 14*l = 55823 + 240495 - 44178. What is the hundreds digit of l?
0
Suppose 4393*u + 234176 = 4409*u. What is the thousands digit of u?
4
Suppose -3*z + 331 + 482 = -q, z - 3*q = 263. Suppose 0*w - w - 69 = -5*k, -3*w + 2*k = z. Let s = w + 169. What is the units digit of s?
5
Let l = 55 - 23. Let h = l + 9. What is the tens digit of h?
4
Suppose -n + y + 2 + 0 = 0, 5*y = 4*n - 8. Let o(u) = 45*u**2 - u + 74*u**2 + n - 2. What is the tens digit of o(1)?
1
Let f(y) = 1024*y**2 - 22*y + 21. What is the units digit of f(1)?
3
Let x(n) = -3*n - 82. Let d be x(-28). Suppose 5094 = -d*c + 11*c. What is the hundreds digit of c?
5
Let o be (-15)/((-15)/14)*-1. What is the tens digit of (-1176)/14*(36/o)/1?
1
Let d(t) = t**3 + 12*t**2 + 45*t + 50. Let v be d(-5). Suppose 0*n - n = -24. Suppose -20 = -y - 3*h, -n = -y - v*y + h. What is the units digit of y?
3
Suppose 9*y - 21*y = -1008. Suppose 57*a = 63*a - y. What is the units digit of a?
4
Let k(u) = -u**3 + 6*u**2 + 16*u - 24. Let y be k(7). Let v = y - -642. What is the units digit of v?
1
Let k = 25627 + -10429. What is the hundreds digit of k?
1
Let w(l) = -6*l**3 - 21*l**2 - 31*l - 123. What is the hundreds digit of w(-21)?
8
Suppose -7*i = -9*i - 4*p + 3814, 5*i - 2*p - 9475 = 0. Suppose 139 = -3*r + i. What is the units digit of r?
6
Let b = 142 - 58. Suppose 4*o = 10*o + b. What is the tens digit of 1*(-12 - 1)*o?
8
Let f be (-9 - (5 + -4)) + -2. Let y = -4 + f. Let u = 68 - y. What is the tens digit of u?
8
Let b(a) = -4738*a + 6089. What is the ten thousands digit of b(-4)?
2
Suppose 2*n - y + 27 = 34, 2*n + 2*y = 10. Su